emainder when 2137600 is divided by 152685?
10
Calculate the remainder when 204063 is divided by 101899.
265
What is the remainder when 18527351 is divided by 10152?
10103
What is the remainder when 2263864 is divided by 16054?
250
Calculate the remainder when 21254257 is divided by 220.
57
What is the remainder when 19739199 is divided by 676?
675
What is the remainder when 257708 is divided by 538?
6
Calculate the remainder when 104923222 is divided by 14.
12
What is the remainder when 123413 is divided by 15264?
1301
Calculate the remainder when 532365 is divided by 62.
33
What is the remainder when 189470 is divided by 94632?
206
What is the remainder when 26906 is divided by 6566?
642
What is the remainder when 3865617 is divided by 133297?
4
What is the remainder when 123923 is divided by 1771?
1724
Calculate the remainder when 2103291 is divided by 377.
8
What is the remainder when 140599 is divided by 205?
174
What is the remainder when 11091885 is divided by 26?
25
Calculate the remainder when 121519 is divided by 12069.
829
What is the remainder when 12470539 is divided by 285?
79
What is the remainder when 71535 is divided by 2465?
50
What is the remainder when 7723305 is divided by 454311?
18
What is the remainder when 367426 is divided by 181?
177
What is the remainder when 900894 is divided by 285?
9
What is the remainder when 14524244 is divided by 120?
44
What is the remainder when 1513826 is divided by 84101?
8
Calculate the remainder when 2158523 is divided by 1266.
1259
What is the remainder when 118856 is divided by 23767?
21
What is the remainder when 155099158 is divided by 340?
338
Calculate the remainder when 17972153 is divided by 57.
53
What is the remainder when 71173 is divided by 5054?
417
What is the remainder when 580515 is divided by 38701?
0
What is the remainder when 2147256 is divided by 3690?
3366
What is the remainder when 39485 is divided by 34511?
4974
Calculate the remainder when 111767 is divided by 111283.
484
Calculate the remainder when 18064567 is divided by 545.
542
What is the remainder when 79732 is divided by 1095?
892
What is the remainder when 1309936 is divided by 109141?
244
Calculate the remainder when 9528609 is divided by 19851.
129
Calculate the remainder when 337905 is divided by 1275.
30
Calculate the remainder when 4123550 is divided by 4862.
574
Calculate the remainder when 77286940 is divided by 25762306.
22
Calculate the remainder when 18628 is divided by 410.
178
Calculate the remainder when 145668 is divided by 681.
615
Calculate the remainder when 2134260 is divided by 355702.
48
Calculate the remainder when 2840 is divided by 2829.
11
Calculate the remainder when 97473 is divided by 7059.
5706
What is the remainder when 188400433 is divided by 15?
13
What is the remainder when 10373255 is divided by 10?
5
Calculate the remainder when 2927354 is divided by 23.
6
Calculate the remainder when 170667 is divided by 1815.
57
What is the remainder when 31215942 is divided by 1211?
1206
Calculate the remainder when 6433376 is divided by 797.
789
What is the remainder when 2239595 is divided by 1898?
1853
What is the remainder when 5544986 is divided by 1604?
1562
What is the remainder when 707620 is divided by 90?
40
What is the remainder when 103045638 is divided by 2146784?
6
Calculate the remainder when 180585742 is divided by 27.
22
Calculate the remainder when 710072 is divided by 1904.
1784
Calculate the remainder when 1666608 is divided by 436.
216
Calculate the remainder when 8483386 is divided by 106.
100
What is the remainder when 379175 is divided by 125483?
2726
Calculate the remainder when 314640 is divided by 8740.
0
What is the remainder when 278072 is divided by 11586?
8
Calculate the remainder when 304922437 is divided by 10574.
10573
Calculate the remainder when 261869 is divided by 2986.
2087
Calculate the remainder when 7919294 is divided by 2955.
2849
Calculate the remainder when 6497755 is divided by 39380.
55
Calculate the remainder when 201055679 is divided by 21.
20
Calculate the remainder when 1695900 is divided by 586.
16
What is the remainder when 103148 is divided by 1992?
1556
Calculate the remainder when 2119642 is divided by 176634.
34
What is the remainder when 26423259 is divided by 62?
37
What is the remainder when 200059 is divided by 24999?
67
What is the remainder when 43881394 is divided by 21940687?
20
Calculate the remainder when 295275 is divided by 147560.
155
What is the remainder when 450271 is divided by 562?
109
Calculate the remainder when 433568702 is divided by 209859.
8
What is the remainder when 14616 is divided by 1035?
126
Calculate the remainder when 15862298 is divided by 56651.
18
Calculate the remainder when 1730544 is divided by 2638.
16
Calculate the remainder when 17590397 is divided by 640.
637
What is the remainder when 12978703 is divided by 4326232?
7
What is the remainder when 1445535 is divided by 144551?
25
Calculate the remainder when 106944 is divided by 1525.
194
What is the remainder when 142646587 is divided by 7331?
7320
What is the remainder when 6062263 is divided by 14?
11
What is the remainder when 6499502 is divided by 16?
14
Calculate the remainder when 1320583 is divided by 1456.
1447
Calculate the remainder when 208084 is divided by 6300.
184
Calculate the remainder when 316539 is divided by 161.
13
What is the remainder when 574956 is divided by 36?
0
Calculate the remainder when 146891 is divided by 146876.
15
What is the remainder when 13381571 is divided by 3345381?
47
Calculate the remainder when 7589516 is divided by 1447.
1
Calculate the remainder when 245190 is divided by 27239.
39
Calculate the remainder when 85596 is divided by 319.
104
Calculate the remainder when 4699 is divided by 3228.
1471
What is the remainder when 21496772 is divided by 51551?
5
Calculate the remainder when 16468690 is divided by 27.
13
Calculate the remainder when 39169297 is divided by 1275.
22
Calculate the remainder when 2807548 is divided by 850.
848
What is the remainder when 9334578 is divided by 1096?
1042
What is the remainder when 176298548 is divided by 310?
308
What is the remainder when 83581 is divided by 385?
36
What is the remainder when 19843236 is divided by 25?
11
Calculate the remainder when 1669972 is divided by 409.
25
What is the remainder when 2096929 is divided by 698352?
1873
What is the remainder when 151450 is divided by 37646?
866
What is the remainder when 31963228 is divided by 510?
508
Calculate the remainder when 258595 is divided by 372.
55
Calculate the remainder when 47631 is divided by 1820.
311
What is the remainder when 792081 is divided by 4475?
6
Calculate the remainder when 18415 is divided by 5007.
3394
Calculate the remainder when 35044 is divided by 3498.
64
Calculate the remainder when 80143314 is divided by 601.
565
Calculate the remainder when 1083435 is divided by 154366.
2873
Calculate the remainder when 7073 is divided by 1478.
1161
What is the remainder when 575156562 is divided by 535?
532
Calculate the remainder when 886715 is divided by 4872.
11
What is the remainder when 407921 is divided by 6368?
369
Calculate the remainder when 11124385 is divided by 81.
7
Calculate the remainder when 7725172 is divided by 765.
202
Calculate the remainder when 60729 is divided by 27522.
5685
Calculate the remainder when 1005509402 is divided by 1471.
1468
Calculate the remainder when 8328 is divided by 418.
386
What is the remainder when 9929044 is divided by 278?
274
Calculate the remainder when 195908820 is divided by 535270.
0
What is the remainder when 167449606 is divided by 41?
30
Calculate the remainder when 6413545 is divided by 1065.
115
What is the remainder when 1181910 is divided by 21486?
180
Calculate the remainder when 7795072 is divided by 2598355.
7
What is the remainder when 1465103 is divided by 162789?
2
Calculate the remainder when 60762576 is divided by 330.
6
Calculate the remainder when 2930683 is divided by 512.
507
What is the remainder when 165212 is divided by 12494?
2790
What is the remainder when 1265594 is divided by 24338?
18
What is the remainder when 7069631 is divided by 5264?
79
Calculate the remainder when 292283 is divided by 2609.
75
What